 is the ten millions digit of 171440327?
7
What is the ten thousands digit of 533457554?
5
What is the ten millions digit of 3168018006?
6
What is the ten millions digit of 310077892?
1
What is the units digit of 1329786599?
9
What is the hundreds digit of 1732915868?
8
What is the ten thousands digit of 594474243?
7
What is the hundreds digit of 19080618?
6
What is the hundred thousands digit of 7894936993?
9
What is the ten thousands digit of 960335838?
3
What is the millions digit of 108337344?
8
What is the hundred millions digit of 3721577057?
7
What is the millions digit of 923327020?
3
What is the ten thousands digit of 25599039?
9
What is the hundreds digit of 24357463?
4
What is the tens digit of 1395326702?
0
What is the tens digit of 59983288?
8
What is the tens digit of 1039775358?
5
What is the hundred millions digit of 375431939?
3
What is the hundreds digit of 3574552918?
9
What is the hundreds digit of 59424196?
1
What is the tens digit of 269037515?
1
What is the billions digit of 3104379905?
3
What is the hundred thousands digit of 7406068385?
0
What is the hundred thousands digit of 130558414?
5
What is the hundred millions digit of 1548674730?
5
What is the millions digit of 1417193522?
7
What is the units digit of 4582482622?
2
What is the hundreds digit of 596730256?
2
What is the thousands digit of 4079927328?
7
What is the units digit of 31123096?
6
What is the hundreds digit of 2141397397?
3
What is the tens digit of 3018555?
5
What is the units digit of 97359617?
7
What is the millions digit of 5082701041?
2
What is the millions digit of 209894149?
9
What is the units digit of 1647615086?
6
What is the tens digit of 40395714?
1
What is the hundreds digit of 4774946224?
2
What is the tens digit of 385559500?
0
What is the hundred thousands digit of 8398168574?
1
What is the hundreds digit of 213526336?
3
What is the thousands digit of 34631915?
1
What is the thousands digit of 330349889?
9
What is the thousands digit of 547772169?
2
What is the hundred millions digit of 4600997199?
6
What is the thousands digit of 386798635?
8
What is the ten thousands digit of 181871758?
7
What is the thousands digit of 6502964?
2
What is the ten millions digit of 405048661?
0
What is the thousands digit of 1599182792?
2
What is the ten thousands digit of 7211426622?
2
What is the hundred thousands digit of 441904410?
9
What is the millions digit of 789940550?
9
What is the thousands digit of 1372950383?
0
What is the hundred millions digit of 670100009?
6
What is the hundred thousands digit of 193118798?
1
What is the ten thousands digit of 2613925948?
2
What is the tens digit of 1608992750?
5
What is the thousands digit of 86142955?
2
What is the thousands digit of 7074750566?
0
What is the hundred thousands digit of 190728825?
7
What is the tens digit of 395289636?
3
What is the hundreds digit of 2420915605?
6
What is the tens digit of 1163970949?
4
What is the units digit of 2186000312?
2
What is the ten millions digit of 122372265?
2
What is the tens digit of 10899091?
9
What is the ten millions digit of 57294384?
5
What is the ten millions digit of 1298038231?
9
What is the units digit of 674905768?
8
What is the ten millions digit of 119052095?
1
What is the tens digit of 287115749?
4
What is the ten thousands digit of 19223573?
2
What is the ten thousands digit of 5574221861?
2
What is the units digit of 3961883245?
5
What is the ten millions digit of 1303341224?
0
What is the hundreds digit of 87815005?
0
What is the units digit of 137402250?
0
What is the ten millions digit of 764560526?
6
What is the hundred millions digit of 607405656?
6
What is the hundred thousands digit of 4595829287?
8
What is the hundred millions digit of 302263663?
3
What is the ten millions digit of 700450533?
0
What is the millions digit of 34047504?
4
What is the ten millions digit of 51136605?
5
What is the hundreds digit of 4499331599?
5
What is the millions digit of 156680851?
6
What is the hundreds digit of 80042783?
7
What is the millions digit of 491457328?
1
What is the units digit of 546667611?
1
What is the millions digit of 7088186?
7
What is the units digit of 21391893?
3
What is the hundred thousands digit of 68535379?
5
What is the units digit of 4358422?
2
What is the hundred thousands digit of 2178715992?
7
What is the millions digit of 87424673?
7
What is the hundred millions digit of 839089857?
8
What is the ten thousands digit of 1367956929?
5
What is the ten thousands digit of 17736545?
3
What is the ten millions digit of 444738292?
4
What is the ten millions digit of 1422829363?
2
What is the hundred thousands digit of 23130227?
1
What is the thousands digit of 291467975?
7
What is the thousands digit of 361248314?
8
What is the hundred thousands digit of 100176730?
1
What is the units digit of 275723024?
4
What is the ten millions digit of 54031825?
5
What is the hundreds digit of 125481203?
2
What is the ten thousands digit of 228559594?
5
What is the units digit of 30840330?
0
What is the hundreds digit of 204073536?
5
What is the units digit of 5220531?
1
What is the ten thousands digit of 917283448?
8
What is the units digit of 1215979727?
7
What is the tens digit of 160155829?
2
What is the thousands digit of 598981936?
1
What is the hundreds digit of 61104118?
1
What is the hundreds digit of 1728919?
9
What is the millions digit of 1017253060?
7
What is the units digit of 241351683?
3
What is the thousands digit of 339588031?
8
What is the tens digit of 301553238?
3
What is the hundred thousands digit of 34442912?
4
What is the tens digit of 102671660?
6
What is the ten millions digit of 73472250?
7
What is the thousands digit of 745503436?
3
What is the hundred thousands digit of 213700910?
7
What is the millions digit of 121452269?
1
What is the tens digit of 358344269?
6
What is the units digit of 1110201360?
0
What is the hundred thousands digit of 3400565036?
5
What is the hundreds digit of 11399079?
0
What is the units digit of 595053641?
1
What is the thousands digit of 327694600?
4
What is the tens digit of 63635553?
5
What is the ten thousands digit of 148587810?
8
What is the thousands digit of 327876088?
6
What is the hundreds digit of 1615728243?
2
What is the hundreds digit of 5459403?
4
What is the tens digit of 2229048?
4
What is the millions digit of 44513788?
4
What is the hundreds digit of 441963772?
7
What is the hundreds digit of 11845500?
5
What is the millions digit of 118437339?
8
What is the ten thousands digit of 159378390?
7
What is the hundred millions digit of 157901128?
1
What is the ten millions digit of 641936992?
4
What is the ten millions digit of 649397107?
4
What is the thousands digit of 680135256?
5
What is the hundreds digit of 287142552?
5
What is the thousands digit of 70051898?
1
What is the ten millions digit of 11833431?
1
What is the millions digit of 1286149227?
6
What is the hundred thousands digit of 1383595919?
5
What is the ten millions digit of 388972374?
8
What is the tens digit of 16777152?
5
What is the hundreds digit of 32677617?
6
What is the tens digit of 966136764?
6
What is the ten millions digit of 350546989?
5
What is the tens digit of 508881212?
1
What is the ten thousands digit of 3844041595?
4
What is the tens digit of 793564657?
5
What is the ten millions digit of 157519686?
5
What is the units digit of 77544308?
8
What is the units digit of 120003796?
6
What is the ten thousands digit of 1564044242?
4
What is the thousands digit of 3048247475?
7
What is the hundreds digit of 3783577971?
9
What is the hundred millions digit of 171495030?
1
What is the thousands digit of 7442204177?
4
What is the thousands digit of 26310103?
0
What is the tens digit of 43211979?
7
What is the millions digit of 72755055?
2
What is the tens digit of 66984129?
2
What is the millions digit of 242981773?
2
What is the hundreds digit of 144047736?
7
What is the hundreds digit of 371262085?
0
What is the hundred thousands digit of 230044124?
0
What is the hundreds digit of 1026567515?
5
What is the ten thousands digit of 3247764315?
6
What is the tens digit of 1047599355?
5
What is the tens digit of 2904102836?
3
What is the tens digit of 44438092?
9
What is the units digit of 